
What is the highest common divisor of 100 and 352750?
50
What is the greatest common divisor of 6885 and 2655?
45
Calculate the highest common factor of 656579 and 77.
77
What is the highest common factor of 3465 and 34419?
231
What is the highest common divisor of 240 and 93040?
80
Calculate the greatest common factor of 2862304 and 230.
46
Calculate the highest common factor of 140 and 126420.
140
Calculate the greatest common factor of 2642112 and 216.
216
What is the highest common factor of 28960 and 50?
10
What is the highest common divisor of 806108 and 274?
274
Calculate the highest common factor of 1032141 and 33.
33
What is the highest common factor of 3807 and 2349?
81
Calculate the greatest common divisor of 207 and 97497.
207
What is the highest common factor of 40 and 1987210?
10
What is the greatest common factor of 8 and 3232?
8
What is the greatest common divisor of 26736 and 16?
16
What is the greatest common divisor of 366172 and 124?
124
What is the greatest common divisor of 1270790 and 30?
10
What is the highest common factor of 213204 and 36?
12
Calculate the greatest common divisor of 27240 and 15.
15
Calculate the highest common divisor of 128 and 6347584.
64
Calculate the greatest common divisor of 1456 and 13536.
16
What is the highest common divisor of 748 and 21670?
22
Calculate the highest common divisor of 3810 and 9779.
127
Calculate the greatest common divisor of 198 and 543444.
66
Calculate the greatest common divisor of 211248 and 4752.
432
What is the greatest common divisor of 72 and 2628?
36
Calculate the greatest common factor of 54655 and 340.
85
What is the greatest common divisor of 71675 and 575?
25
Calculate the greatest common divisor of 65484 and 84.
12
What is the greatest common divisor of 131542 and 356?
178
Calculate the greatest common divisor of 36887 and 11.
1
Calculate the highest common divisor of 4171 and 10476.
97
Calculate the highest common divisor of 200 and 1110.
10
Calculate the greatest common factor of 3 and 24767.
1
What is the greatest common factor of 2941 and 85?
17
What is the greatest common factor of 1156 and 25313?
17
What is the greatest common factor of 1824 and 104?
8
Calculate the highest common divisor of 29 and 239250.
29
What is the greatest common factor of 43618 and 6554?
226
What is the greatest common divisor of 55 and 64455?
5
Calculate the highest common divisor of 995 and 807343.
199
Calculate the greatest common factor of 72 and 872.
8
Calculate the highest common divisor of 285708 and 1914.
174
Calculate the greatest common factor of 59686 and 66.
22
Calculate the highest common factor of 92 and 60812.
92
Calculate the greatest common divisor of 22 and 1003673.
11
What is the highest common factor of 24 and 7203?
3
Calculate the greatest common divisor of 20820 and 157191.
1041
What is the greatest common divisor of 38 and 4084?
2
What is the greatest common divisor of 795 and 1605?
15
Calculate the highest common factor of 209 and 1540957.
209
Calculate the highest common factor of 84427 and 49.
49
What is the greatest common divisor of 7333 and 227?
1
Calculate the greatest common divisor of 2560 and 8665.
5
Calculate the greatest common divisor of 1035 and 11592.
207
What is the greatest common factor of 579960 and 9845?
895
What is the greatest common divisor of 13029 and 31347?
129
What is the greatest common divisor of 291031 and 122?
61
What is the highest common divisor of 286 and 115544?
286
Calculate the highest common factor of 2839 and 118904.
167
What is the highest common divisor of 1829 and 8959?
31
What is the highest common divisor of 10017 and 56?
7
Calculate the highest common factor of 1568 and 1305752.
392
What is the highest common factor of 120 and 151395?
15
What is the greatest common factor of 3363 and 228?
57
What is the greatest common divisor of 142970 and 170?
170
Calculate the greatest common divisor of 58968 and 176.
8
Calculate the greatest common divisor of 5539 and 696.
29
What is the greatest common factor of 128 and 81784?
8
Calculate the greatest common factor of 84 and 1059492.
84
Calculate the greatest common factor of 211484 and 1092.
364
What is the highest common divisor of 5676 and 7524?
132
What is the greatest common divisor of 7530 and 270?
30
What is the highest common factor of 10692 and 900?
36
What is the greatest common factor of 133 and 2317?
7
Calculate the greatest common factor of 15119 and 234.
13
Calculate the greatest common divisor of 267 and 186455.
89
What is the highest common factor of 14 and 123935?
7
What is the highest common divisor of 24 and 55968?
24
Calculate the greatest common factor of 42 and 173488.
14
What is the highest common factor of 1212 and 127563?
303
What is the greatest common divisor of 2752 and 48332?
172
What is the highest common factor of 1680048 and 108?
108
Calculate the highest common divisor of 170 and 25330.
170
What is the highest common divisor of 2992 and 307802?
374
What is the highest common divisor of 1104 and 135976?
184
Calculate the highest common factor of 304 and 43856.
16
Calculate the greatest common divisor of 3 and 379893.
3
Calculate the greatest common divisor of 1560 and 3315.
195
Calculate the highest common factor of 559 and 1261.
13
Calculate the highest common factor of 949 and 9271.
73
Calculate the greatest common factor of 16740 and 7965.
135
Calculate the highest common divisor of 75 and 84420.
15
What is the greatest common divisor of 24168 and 10944?
456
What is the highest common divisor of 19096 and 2772?
308
What is the greatest common divisor of 4361600 and 464?
464
Calculate the greatest common factor of 13437 and 63.
9
Calculate the greatest common factor of 5384 and 264.
8
Calculate the greatest common divisor of 506 and 12098.
46
What is the highest common factor of 208354 and 95?
19
Calculate the highest common divisor of 38 and 1914953.
19
Calculate the greatest common divisor of 353119 and 62593.
1181
What is the greatest common factor of 783216 and 336?
336
Calculate the highest common factor of 2627 and 142.
71
Calculate the greatest common divisor of 97930 and 420.
70
What is the greatest common factor of 16 and 4999?
1
What is the greatest common divisor of 1694 and 15092?
154
Calculate the greatest common divisor of 2130 and 780.
30
Calculate the highest common divisor of 1375 and 3080.
55
What is the greatest common factor of 390 and 14885?
65
What is the greatest common factor of 126506 and 430?
86
Calculate the greatest common divisor of 25338 and 77367.
123
What is the greatest common divisor of 2470 and 84930?
190
Calculate the highest common factor of 1573 and 37147.
121
Calculate the highest common factor of 13 and 58552.
13
What is the highest common divisor of 5632 and 5792?
32
Calculate the greatest common factor of 685 and 4039445.
685
What is the greatest common divisor of 3505 and 7715?
5
Calculate the greatest common factor of 325650 and 1050.
150
What is the highest common divisor of 110 and 2618?
22
What is the greatest common factor of 816300 and 600?
300
What is the highest common factor of 195 and 76960?
65
Calculate the greatest common factor of 224 and 455.
7
What is the highest common divisor of 26537 and 45458?
119
Calculate the highest common divisor of 56 and 12404.
28
What is the highest common factor of 1109540 and 12?
4
What is the highest common factor of 4249 and 441?
7
What is the greatest common factor of 2463 and 147?
3
What is the greatest common factor of 86 and 379045?
43
What is the highest common divisor of 3168 and 1530?
18
What is the greatest common factor of 2295 and 125205?
255
Calculate the highest common divisor of 54 and 302265.
27
What is the greatest common divisor of 13 and 27?
1
What is the greatest common divisor of 13 and 492011?
13
Calculate the highest common factor of 149987 and 127.
127
Calculate the greatest common factor of 19916 and 39.
13
Calculate the greatest common divisor of 9156 and 34524.
84
Calculate the highest common divisor of 168 and 90972.
84
Calculate the greatest common divisor of 15925 and 8645.
455
What is the highest common factor of 36 and 171918?
18
What is the greatest common divisor of 33404 and 476?
28
What is the greatest common fact